
What is the greatest common factor of 1442 and 37652062?
1442
What is the highest common factor of 11613 and 234?
3
Calculate the greatest common factor of 2809820 and 211860.
2140
What is the greatest common divisor of 658087 and 833?
17
What is the greatest common divisor of 36 and 17004564?
36
What is the highest common divisor of 659670 and 26400?
330
What is the highest common factor of 4581 and 179677?
509
What is the greatest common divisor of 11632 and 603052316?
2908
What is the greatest common factor of 5083935 and 1020?
255
Calculate the highest common factor of 169843266 and 36.
18
Calculate the highest common divisor of 26707825 and 236.
59
What is the highest common factor of 19610925 and 148?
37
What is the highest common factor of 20133955 and 5?
5
Calculate the greatest common divisor of 110423 and 81943468.
4801
What is the greatest common factor of 74 and 554916?
2
Calculate the greatest common factor of 69778 and 40032.
278
What is the highest common factor of 35 and 81203325?
35
Calculate the highest common divisor of 141066708 and 159.
159
What is the greatest common divisor of 8306 and 153898?
2
Calculate the highest common factor of 1390922 and 88450.
122
Calculate the highest common factor of 8852166 and 347733.
4293
Calculate the highest common divisor of 25982204 and 4.
4
What is the greatest common factor of 960507 and 26486?
779
What is the greatest common divisor of 65510 and 92?
2
Calculate the highest common divisor of 453985290 and 60.
30
Calculate the highest common divisor of 119 and 37443078.
17
What is the greatest common divisor of 747640 and 804?
4
Calculate the highest common factor of 704 and 6393408.
64
Calculate the greatest common divisor of 147 and 3830505.
21
What is the greatest common factor of 2426004 and 126084?
84
Calculate the highest common divisor of 57 and 54189843.
57
What is the highest common divisor of 273637 and 691222?
679
What is the greatest common factor of 286620 and 96900?
1020
Calculate the greatest common divisor of 8128 and 2179828.
508
What is the greatest common factor of 882 and 11445966?
126
What is the highest common divisor of 184957652 and 44?
44
What is the greatest common factor of 7639781 and 9567?
1063
Calculate the highest common factor of 300876143 and 292.
73
Calculate the highest common divisor of 385425 and 384750.
675
What is the greatest common factor of 143 and 4962893?
13
Calculate the greatest common divisor of 7716866 and 2838.
86
Calculate the highest common divisor of 136542 and 11340.
42
Calculate the highest common divisor of 148473 and 102037.
611
Calculate the greatest common factor of 2449296 and 4335664.
3728
What is the greatest common factor of 5068299 and 6706?
479
What is the highest common divisor of 1639 and 2930279?
11
Calculate the highest common factor of 4043 and 9896107.
13
What is the greatest common factor of 31653 and 684972?
9
What is the greatest common factor of 78 and 26996619?
39
Calculate the greatest common factor of 3981028608 and 24.
24
What is the greatest common factor of 73980 and 18252?
108
Calculate the highest common factor of 594 and 111687411.
33
Calculate the greatest common divisor of 543482900 and 600.
100
What is the highest common divisor of 624 and 159164304?
624
Calculate the highest common factor of 1131670 and 35.
5
Calculate the highest common factor of 19468837 and 1977.
659
Calculate the greatest common factor of 785830 and 2140.
10
Calculate the greatest common factor of 366882336 and 72.
72
What is the greatest common factor of 1500629 and 26611?
1157
What is the highest common divisor of 1866310 and 189532?
1934
Calculate the highest common factor of 6360 and 1575160.
2120
Calculate the greatest common divisor of 80208 and 3216528.
144
What is the greatest common divisor of 60 and 447870108?
12
Calculate the greatest common factor of 220784055 and 135.
15
What is the greatest common factor of 2098873 and 111972?
301
Calculate the greatest common divisor of 15763 and 3101012.
1433
Calculate the highest common divisor of 26812302 and 66.
66
What is the greatest common factor of 16056 and 134712?
72
What is the highest common divisor of 3039524 and 8?
4
What is the greatest common factor of 2086497 and 18774?
63
What is the greatest common divisor of 2345 and 108671655?
335
Calculate the highest common factor of 627 and 43773.
3
Calculate the highest common factor of 4422 and 1776170.
1474
Calculate the greatest common divisor of 1501 and 390849.
19
What is the highest common divisor of 210 and 47433030?
30
Calculate the highest common divisor of 9504 and 13542903.
297
Calculate the greatest common divisor of 32372 and 500.
4
Calculate the highest common divisor of 1760550 and 2904.
726
What is the greatest common divisor of 110317 and 6757174?
1031
Calculate the greatest common divisor of 6700 and 1682300.
100
Calculate the highest common factor of 4944 and 47388652.
412
Calculate the greatest common factor of 1323630 and 233310.
2310
What is the greatest common factor of 11368 and 19480576?
232
Calculate the greatest common divisor of 44072398 and 2414.
2414
Calculate the greatest common factor of 287716 and 81224.
572
Calculate the greatest common factor of 20559 and 97713.
231
What is the greatest common divisor of 177788 and 3369556?
1052
What is the greatest common divisor of 282 and 1255719398?
94
What is the greatest common divisor of 729656 and 155208?
1784
Calculate the greatest common factor of 195 and 5059875.
15
What is the greatest common factor of 3565 and 11221194?
713
What is the highest common divisor of 7932 and 6798?
6
What is the highest common divisor of 1281 and 21215019?
21
Calculate the greatest common divisor of 878610196 and 436.
436
Calculate the highest common divisor of 49204962 and 2078.
2078
Calculate the highest common divisor of 230 and 9141580.
230
Calculate the greatest common factor of 476540 and 3980.
20
What is the greatest common divisor of 3247323 and 5576?
697
What is the greatest common divisor of 903 and 17669775?
129
What is the greatest common divisor of 463 and 1063581839?
463
Calculate the highest common divisor of 125750 and 170575.
25
Calculate the highest common factor of 11196 and 3372484.
1244
What is the greatest common divisor of 43447314 and 1278?
426
What is the highest common factor of 178 and 43174?
2
What is the greatest common factor of 158394 and 636?
6
Calculate the highest common divisor of 62644634 and 74061.
2743
What is the greatest common factor of 27895705 and 95?
95
Calculate the greatest common factor of 261239 and 908939.
2159
Calculate the highest common divisor of 5035 and 12276337.
1007
What is the highest common divisor of 264416949 and 339?
339
Calculate the highest common factor of 5595 and 27582231.
1119
What is the highest common divisor of 963 and 214443?
9
What is the greatest common factor of 30000 and 1149072?
48
Calculate the highest common divisor of 2184 and 3371368.
728
Calculate the greatest common factor of 46691019 and 292.
73
Calculate the greatest common factor of 391 and 176557223.
391
What is the greatest common factor of 17056511 and 11884?
2971
What is the greatest common divisor of 12580181 and 2713?
2713
Calculate the highest common factor of 2671281 and 689136.
879
What is the greatest common factor of 51 and 27779007?
3
Calculate the greatest common factor of 19677952 and 94976.
1792
What is the greatest common factor of 3498842450 and 50?
50
Calculate the greatest common factor of 1050 and 3630863775.
525
Calculate the highest common factor of 13330 and 1039026845.
6665
What is the greatest common divisor of 297 and 128112435?
297
What is the greatest common divisor of 16 and 2309780?
4
What is the highest common factor of 40 and 291318840?
40
Calculate the highest common divisor of 408750 and 26546250.
3750
Calculate the highest common factor of 4790 and 7733934.
958
Calculate the highest common factor of 504174900 and 75.
75
Calculate the greatest common factor of 3112875 and 1575.
225
Calculate the greatest common factor of 18928558 and 132.
22
Calculate the highest common divisor of 115 and 3816955.
5
What is the greatest common divisor of 210 and 1768005?
15
What is the highest common factor o